tive of s**3/3 - s**2/2 - 21*s + 62. Let i be t(5). Let j(a) = 9*a**2 + a + 1. Give j(i).
9
Let w(j) be the third derivative of -6*j**2 + 0*j**5 + 5/3*j**3 - 7/24*j**4 + 1/360*j**6 + 0*j + 0. Let q(i) be the first derivative of w(i). What is q(5)?
18
Let d(m) be the second derivative of -m**4/12 - 2*m**3 + 37*m**2 + 646*m - 1. Determine d(-16).
10
Let n(w) = -w - 4. Let t be -2 - (-1)/((2 + 2)/336). Let x = 101 - t. Suppose -g - x = -3*z + 1, -4*g = -4*z + 40. What is n(z)?
-9
Let x(a) = -32*a - 414. Let g be (-2 + (-24)/(-9))/((-6)/(-702)*-6). Determine x(g).
2
Let w(q) be the first derivative of -32 + 3*q - 1/20*q**5 + 7/12*q**4 - 3/2*q**3 + 7/2*q**2. Let r(x) be the first derivative of w(x). What is r(6)?
-11
Let j(v) = 3*v - 52. Suppose -9*x = 4*l - 122, -3*l + 54 = -37*x + 40*x. What is j(x)?
-22
Let y(b) = 155*b**3 - 66*b**3 - 13*b**2 - 41 - 5*b - 88*b**3 - 6*b. What is y(14)?
1
Let u be -1*(-12 - 154/(-7))*2/(-4). Let y(n) = -2*n**3 + 9*n**2 + 2*n + 10. Determine y(u).
-5
Let i be 4/58 + 7860/(-435) + 14. Let j(p) = -2*p + 5. Give j(i).
13
Let o(d) = -d**2 - 6*d - 3. Let r be (-5 - 1)*(2 - 5). Let w be -2 + (-9)/(r/(-76)). Suppose -11*m = -5*m + w. Give o(m).
-3
Suppose 0 = -2*r - g + 5, 2*r + g - 4*g = 25. Let u = 152 + -147. Let w(q) = -2*q + r*q - u*q + 9. Calculate w(9).
-9
Let v(x) = 25*x - 1523. Let k be v(61). Let o(n) = 31*n - 5. Calculate o(k).
57
Suppose -10*w - 8*w + 612 = 0. Suppose 10 + 160 = -w*v. Let i(f) = f - 4. What is i(v)?
-9
Let k(c) be the first derivative of 2*c**3/3 - 2*c - 8. Let j be k(2). Let l(z) = 2557 + 2552 - 5102 - 4*z. Determine l(j).
-17
Let p be (-2 - 25/(-15))*(-7 - -7). Let x be 3 + 2/4*-2. Let i(u) = -2 + x + u - 6 + u**2. Give i(p).
-6
Let y(g) = g. Let m(u) = 9*u**2 - 48*u**3 - 37*u**3 + 5*u**2 + 84*u**3 - 13*u. Let a be m(13). Calculate y(a).
0
Let w(l) = -2*l + 2. Let s(o) = -o**2 + 9*o + 12. Let x be s(10). Let j be (2 - x) + 0 + -4 + 22. Suppose -4*n + j = -3*i, i = 2*n + n - 16. Calculate w(n).
-10
Let i(a) be the first derivative of a**4/4 - 38*a**3/3 - 39*a**2 - 75*a + 537. Give i(40).
5
Suppose -3*v - 15 = -0, 0 = b + 4*v - 112. Let o = b + -129. Let g(r) = 6*r**2 + 3 + 3*r**o - 9*r**2 - 1 + r - 2*r**3. Calculate g(2).
0
Let p(k) = -3653 + 2*k - 3669 + 7297. Let o(r) = -r**2 - 13*r - 18. Let f be o(-10). Give p(f).
-1
Let j(m) = 5*m + 13. Let s(w) = w + 3. Let x(i) = 2*j(i) - 9*s(i). Let n = 84 - 91. Let h = n + 12. Determine x(h).
4
Let m(a) be the second derivative of a**5/20 + a**4/4 - 8*a**3/3 + 2*a**2 + 3*a + 42. Determine m(-6).
-8
Let v(g) be the third derivative of -52*g**2 + 0*g**3 + 0 - 1/8*g**4 + 0*g - 1/30*g**5. Calculate v(-2).
-2
Let q be (2/4)/(3/(-12)). Let u be (-1)/q - (-20)/8. Let o(w) = w - u*w - 10*w + w. Calculate o(-1).
11
Let l(j) = -j**3 + 10*j**2 + 89*j - 656. Let z be l(13). Let p(v) = -44*v - 281. Calculate p(z).
-17
Suppose -12*j + 15*j - 6 = 0. Let u(w) = -5*w + 2*w + w**3 - 5*w + 4*w**j - 14. Let y be u(-5). Let h(z) = z - 2. Give h(y).
-1
Let x = -1 - -9. Suppose -x*z + 5*z + 3 = 0. Let v(b) = -4*b - 9. Let s(r) = -9*r - 22. Let t(h) = -2*s(h) + 5*v(h). What is t(z)?
-3
Let b = 11626 + -11622. Let y(l) = 18*l - 30. Calculate y(b).
42
Suppose -15 = -3*o - 2*w + 1, -4*w = -20. Let g(s) = 2 - 4*s**o - 2*s + s**2 + 0. Suppose 744*i - 778*i - 68 = 0. Determine g(i).
-6
Let k(a) = -10*a**3 + 2*a**2 + a + 1. Suppose 2*z = 3*i, 8*i - 2*z = 15 - 5. What is k(i)?
-69
Let f(d) = d**3 - 6*d**2 + 6*d - 1. Suppose b + 5*u = 40, 3*b + 5*u + 30 = 160. Suppose -8*t = -b + 13. What is f(t)?
-9
Let u(t) = -1 + 6 + 0*t - t. Let j(g) = -g**2 + 24*g - 134. Let w = 339 - 328. Let s be j(w). What is u(s)?
-4
Let b(h) = -3*h**3 - 8*h**2 - 20*h. Let d(w) = 52*w**3 + 136*w**2 + 344*w + 1. Let n(m) = 35*b(m) + 2*d(m). What is n(-3)?
-7
Let u be -2 + 238 + (7 - 11). Suppose u*a = 234*a + 12. Let w(f) = f**3 + 7*f**2 + 7*f - 3. Calculate w(a).
-9
Let r = 216 - 306. Let h = r + 96. Let y(c) = h*c + c**2 + 5 - 1 + 0. Determine y(-4).
-4
Let z(t) = t**3 + 6*t**2 - 7*t - 6. Let c = 648 - 430. Suppose -8*x + 162 = c. What is z(x)?
-6
Let x be 2 + 6 - (1 - 2). Suppose 3*g = 5*d - 209, 4*g - 1 = -2*d + 93. Let a(o) = 20*o - d*o + 11*o + 13*o - 6. Calculate a(x).
3
Let q(r) be the first derivative of -r**3/3 - r**2/2 - 8*r - 2. Suppose 2*o + 74 = -3*v, -o = 3*v + 24 + 46. Let c be v/33 + (-6)/(-9). Determine q(c).
-8
Let z = 236 + -234. Let y(o) be the first derivative of -o**2 + 3*o - 471. Determine y(z).
-1
Let w = -12 + 10. Let k(g) be the first derivative of -2*g - 1/2*g**2 - 46 + 4/3*g**3. Calculate k(w).
16
Let v = 43 - 41. Suppose -3*k = 4*b - 40, -k - v*k + 12 = 0. Let g(h) = -9*h + h - h + b*h - 2. What is g(2)?
-6
Let x(t) be the third derivative of t**5/30 + t**4/6 + t**3/3 - 704*t**2. Determine x(-2).
2
Let x be 6/(-57) + 2760/1311. Let u(b) = 10*b - 8. What is u(x)?
12
Let w(i) = 4*i - 64. Suppose -75 = -131*m + 127*m - v, 5*v - 18 = m. Calculate w(m).
4
Suppose 234*o - 210*o = 96. Let l(t) = -t + 10. Calculate l(o).
6
Let t(h) = -533*h + 329*h - 1758 + 159*h. What is t(-39)?
-3
Let b(l) = 3*l + 76 - 64 - 8*l - 15*l - 50. What is b(-4)?
42
Let f(g) = -g**2 + 4*g - 1. Suppose t - 34 = 2*h, 42 + 78 = 4*t - 4*h. Suppose 31*s - 18*s = t. Calculate f(s).
3
Let k(j) = -2*j**2 - 156*j + 1763. Let t be k(10). Let z(p) be the second derivative of -p**5/20 + p**4/4 - p**3/2 + p**2 + p. What is z(t)?
-7
Suppose 97*s + 75*s + 948 = 14*s. Let z(a) = -a**3 - 5*a**2 + a + 15. Determine z(s).
45
Let i(l) be the first derivative of -51 - 16*l + 1/2*l**2. Calculate i(9).
-7
Suppose -25*p + 13*p = -216. Suppose -3*s = 2*l + s + 6, 0 = -3*l + 3*s - p. Let q(m) = -m**2 - 6*m - 3. Let b(i) = i. Let a(w) = -3*b(w) - q(w). What is a(l)?
13
Let w(i) = i**2 - 17*i + 33. Let j be w(16). Suppose 0 = -3*m - 2*x - 1 - j, 2*m - 2*x + 12 = 0. Let b(c) = c**3 + 6*c**2. Determine b(m).
0
Suppose 4*j + 56 = 5*c + 7, 3*c = -3*j - 3. Let p = -8 - j. Let o(a) be the first derivative of 8*a**3/3 + a**2 + 133631. Determine o(p).
28
Suppose 5*c + 10 = 5*d, 2*d - 5*c - 10 = -2*d. Suppose -39*p + 32*p + 35 = d. Let t(g) = g**3 - 6*g**2 + 4*g. Calculate t(p).
-5
Let c(q) = q**2 - 4*q + 7. Suppose p + 1348 - 1393 = 0. Let b be (p/180)/(2/16). Calculate c(b).
3
Let q = 218790 - 218789. Let j(d) = 29*d**2 - 3*d - 1. Let m(i) = 30*i**2 - 4*i - 1. Let w(y) = 4*j(y) - 3*m(y). Determine w(q).
25
Let o be (-2)/12 - 1744/(-96). Let b(v) = -v**3 - 11 - 15 + o. Let z(u) = -u**2 - 2*u + 24. Let i be z(-6). Calculate b(i).
-8
Let x(g) = -4016*g + 25 + 4014*g - g**2 - 27. Let w = -3 - 0. What is x(w)?
-5
Let i(h) = 2*h**2 - h. Suppose -23*w = -2*w - 42. Suppose 6 = w*v + 2. What is i(v)?
6
Let q be 1/((-3)/4) + 130/39. Suppose q*p - 1 = 3. Let d(o) = 2 - o - 8*o**2 - 9*o**2 + 23*o**2 - 7*o**p. What is d(-4)?
-10
Let n(c) = 6*c - 91. Let q(k) = 9*k - 135. Let g(i) = -8*n(i) + 5*q(i). What is g(22)?
-13
Let v(t) = t**3 - 4*t**2 - 6*t + 1. Let k = -88 + 104. Suppose -21*q = -k*q + 450. Let m = q - -95. Calculate v(m).
-4
Let m(n) = -n**3 + 4*n**2 - 4*n + 6. Let r be m(3). Suppose 7*q - 3*q - 403 = -r*a, -5*a - 15 = 0. Let h(y) = 51*y + 1 + 53*y - q*y. What is h(0)?
1
Let l = -7 - -2. Let z(h) = 11*h + 7. Let x(c) be the third derivative of -c**4/4 - c**3/2 + c**2 - 211*c. Let n(r) = 5*x(r) + 3*z(r). Calculate n(l).
-9
Let h(j) = -6*j**2 - 4*j + 11. Let r(u) = 5*u**3 - 5*u**2 - 207*u - 202. Let x be r(-1). Calculate h(x).
-119
Let w = -294 - -296. Suppose 38 = -w*h + 52. Let p(s) = 9*s**2 + s - 16. Let c(t) = -5*t**2 - t + 8. Let x(f) = 7*c(f) + 4*p(f). Determine x(h).
20
Let h(o) = o**3 + 2*o**2 - 3. Suppose -c - 106 = -143. Let v = -28 + c. Suppose 0 = 2*k - 5*l - 9, -k + 4*l + v = -0*l. Determine h(k).
-12
Let w(j) = 2*j. Let n(d) be the first derivative of 3*d**2/2 + 7. Let b(v) = 5*n(v) - 8*w(v). Let o(a) = 3*a + 9. Let y(p) = 4*b(p) + o(p). Calculate y(6).
3
Let b be (-9 - -9)/(0 - -3 - 4). Let g(p) = b - 14*p**2 + 4 - 2 + 7*p**3 - 3*p - 11*p**2 + 26*p**2. What is g(1)?
7
Let c(p) = -p**3 - 4*p**2 + 13*p - 23. Let g(l) = -l**2 - 122*l - 3051. Let u be g(-87). Give c(u).
-29
Suppose 0 = 4*q - 2*n - 22, 16 = 8*q - 7*q - 11*n. Let v(j) = 19*j - 8. What is v(q)?
87
Let j(z) = -12*z - 3 + 14 + 45*z - 20*z - 14*z. Calculate j(10).
1
Let y